igit of z/(6/(-9) + 1)?
8
Let z = -233 - -236. Suppose -z*q + 8*q = 4*u + 399, -16 = -4*u. What is the units digit of q?
3
Let u be -2*2/(-16) + (-9)/4. Let f be 3*((-24)/(-9) + u) + 190. Let z = -116 + f. What is the units digit of z?
6
Let s(p) = -p**3 + 2*p**2 - 10*p + 9. Let v be s(1). Suppose -675 = -v*j - j. What is the hundreds digit of j?
6
Suppose -9*s - 998064 = -15*s. What is the hundreds digit of s/319 - (-12)/22?
5
Let j = -5357 - -9167. What is the thousands digit of j?
3
Suppose -7*f + 4401 = -135. Let d = -190 + f. What is the tens digit of d?
5
Suppose 0 = -3*w - 3*x + 3816, 279 - 281 = -2*x. What is the thousands digit of w?
1
Let d be ((-900)/(-8))/3*4/6. Let m = -37 + d. What is the units digit of (-3)/(-9) - 1844/m?
4
Let d be 0 - 20/6*-15. Let w = d + -3. Let x = w - 36. What is the units digit of x?
1
What is the tens digit of ((-88893)/(-6))/((30/(-45))/(16/(-18)))?
5
Suppose -1 = -8*q - 1. Suppose 0 = 5*v + a - 1 - 9, -v + a + 2 = q. Let c(z) = 21*z**3 + 3*z**2 - 4*z + 2. What is the tens digit of c(v)?
7
Suppose 574953 = 1992*c - 1949*c. What is the units digit of c?
1
Let j(c) = 3*c**2 - 2*c - 11. Let v be -3 - -7 - 20/(-4). Suppose 21 = -6*z - v. What is the tens digit of j(z)?
7
Suppose -2114 = -25*v - 26514. Let q = v + 1420. What is the hundreds digit of q?
4
Let u be (-1)/(-2) + 13/2. Let w(c) = -2*c + 4. Let p be w(3). Let b = u - p. What is the units digit of b?
9
Suppose -17*r + 6654 = -3733. Suppose -3*g - r = -2*d + d, -2433 = -4*d + g. What is the tens digit of d?
0
Let k be 18/(-6) - (73*-1 + -2). Let h = k - 48. What is the units digit of (h/(-14))/(3/(-231))?
2
Let m be (-122)/4*(-2)/(-1). Suppose 0 = -4*g - 668 + 464. Let v = g - m. What is the units digit of v?
0
Let d = -10731 + 12040. What is the thousands digit of d?
1
Suppose -3613 - 1897 = 5*p + 4*y, -5*p - 5*y - 5505 = 0. What is the units digit of (10 + (-212)/14)*p/4?
2
Let t be (-2)/6 + (-19)/(-3). Let o(g) be the third derivative of g**6/60 - 11*g**5/60 + g**3/2 - 4*g**2 + 75*g. What is the units digit of o(t)?
9
Suppose 0 = -56*t + 61*t - 4730. Suppose t = 5*w - 2*v, 3*v + 382 = 2*w + v. Let h = 26 + w. What is the hundreds digit of h?
2
Suppose -3*u = -2*w + 35897, 11*w = 6*w - 2*u + 89714. Suppose -24*p = -w + 6568. What is the hundreds digit of p?
4
What is the hundreds digit of 6/((4 - 2) + -8 + 140200/23366)?
0
Let k = 311 + -150. Let r be (350/(-7))/(3 + -2). Let c = r + k. What is the hundreds digit of c?
1
Suppose 313*h - 4*j - 33996 = 309*h, 8495 = h + j. What is the units digit of h?
7
Let q = 4447 - 1333. What is the tens digit of q?
1
Let s(u) = 2*u**3 + 10*u**2 - 6*u + 4. Let o be s(-6). Let p be (-528)/o*16/(-6). What is the units digit of (p/12)/((-6)/126)?
7
Let w(n) = -n**2 - 11*n + 12. Let a be w(-12). Suppose 5*h - 8 - 167 = a. Suppose 38*l - 9 = h*l. What is the units digit of l?
3
What is the ten thousands digit of (-336)/1232 + 365888/22?
1
Suppose -2*p = 3*h - 11955, p + 12*h - 5975 = 11*h. What is the tens digit of (4/(-3) + 1)/((-199)/p)?
1
Suppose -2*v = -7 - 13. Let d be (v*3)/((-21)/(-70)). Let z = d - -5. What is the hundreds digit of z?
1
Suppose 5*l - 168474 = -3*l - 35*l. What is the units digit of l?
8
Suppose 2*y + 0*y - 39 = -c, -3*y = 4*c - 66. Suppose -l = 3*k - 796, -3*l - 13*k + y*k + 2430 = 0. What is the hundreds digit of l?
8
Suppose 6*c - 575 = 895. Suppose -c = 4*r - 1033. What is the units digit of r?
7
Suppose 2*i + 1008 = 26*i. Suppose -2291 = -2*t + 3*w, -i*t + 41*t + 1129 = 4*w. What is the units digit of t?
1
Let s = 153552 + -91636. What is the ten thousands digit of s?
6
Suppose -70*x - 2*h = -69*x - 9634, -4*x = 3*h - 38516. What is the tens digit of x?
2
Suppose 0 = -4*a + 8 + 8. Let o be a/(-10) - (-537)/5. Suppose -3*c + 4*i + o = -40, 144 = 3*c - 5*i. What is the units digit of c?
3
Let h(n) = 4*n**2 - 2*n + 561. Let k be h(0). Let x = 815 - k. What is the units digit of x?
4
Let u(c) be the second derivative of c**5/20 - 2*c**4/3 + 11*c**3/3 - 9*c**2/2 + c + 47. What is the hundreds digit of u(11)?
5
Suppose q = 1 + 4. Suppose 10*o - 1264 = 716. Suppose -c + 110 = -b, -q*b + 22 + o = 2*c. What is the tens digit of c?
1
Suppose j + 5 = -4*b, -4*b - b = 10. Suppose -11 = -5*s + i, -3*i = -3*s - 0 - j. Suppose y - s*y = -166. What is the units digit of y?
3
Let j = 145 + -30. Let g be (-6)/21 - (0 - (-4092)/(-14)). Let w = g - j. What is the hundreds digit of w?
1
Let f(b) = b**2 + 3*b + 30. Let r be f(0). Suppose -3*m + 9 = 0, r = -4*z + 5*m - 25. What is the units digit of (-596)/z - (-3)/(-5)?
9
Let h(p) = -15*p - 1 - 13 + 54*p. Let m = 118 - 113. What is the units digit of h(m)?
1
Let m(i) = 536*i + 34. Let a be m(2). Suppose -3*t - 4*x = -851, -a = -3*t - 3*x - 251. What is the units digit of t?
9
Let l(i) = -i + 10. Let s be l(5). Suppose -z - 2096 = -s*t, 5*t - 6*z - 2098 = -3*z. What is the hundreds digit of t?
4
Suppose -30*o - 10853 = -500333. What is the thousands digit of o?
6
Let x = -37734 + 58223. What is the hundreds digit of x?
4
Let i(f) = f**2 - 13*f - 3. Let q be i(13). What is the hundreds digit of (q/6)/(8/(-9712))?
6
Let u = 311 - 309. Suppose 2*n = v - 802, v - 465 - 325 = -u*n. What is the tens digit of v?
9
Let i = 6177 - 5050. What is the tens digit of i?
2
Suppose 132*j - 63*j = 65*j + 110960. What is the hundreds digit of j?
7
Let q(b) = 453*b + 152. What is the units digit of q(2)?
8
Let g(f) = -f**3 + 4*f**2 + 3*f. Let o be g(5). Let z be 3 - (-15)/o*348. Let x = -289 - z. What is the units digit of x?
0
Let v(h) = -3*h**2 + 12*h - 3. Let x be v(10). Let s(u) = -11*u**2 + 3*u + 11. Let i be s(-5). Let b = x - i. What is the tens digit of b?
9
Let r be (-730)/4*(13 + -23). Suppose 5*w - r = -2*i - i, 2*w = i + 741. Suppose -11*m = -w - 490. What is the units digit of m?
8
Suppose 55 = -5*f + 45. Let m be (7/2)/((-6)/24*f). Suppose -2*b = -m*b + 730. What is the hundreds digit of b?
1
Let t(k) be the third derivative of 37*k**5/30 - 5*k**4/24 - 2*k**3/3 + 43*k**2. Let p be t(-1). What is the units digit of (0 + 32/10)*p/3?
0
Suppose -4*k + 0*q + 2*q = 468, -q - 578 = 5*k. Let m = -342 + 110. Let i = k - m. What is the hundreds digit of i?
1
Suppose 32*s = 44*s - 106548. What is the hundreds digit of s?
8
Suppose 7*j + 4 = 9*j. Suppose 3*d - 380 = o + 12, -5*d + 646 = j*o. Suppose 3*a = a + d. What is the units digit of a?
5
Suppose 4*y = 3*o - 60349, 55*y - 20 = 51*y. What is the hundreds digit of o?
1
Let r = 3676 + -3666. What is the units digit of r?
0
Let u = -7261 + 9709. What is the thousands digit of u?
2
Let x(a) = 3*a**3 - 18*a**2 - 19*a + 81. What is the units digit of x(17)?
5
Suppose -4*q - 5*w = -10022, -w = -29 + 31. What is the units digit of q?
8
Let u be -49*(-7)/(-98)*-12. Suppose -m = -269 + u. What is the units digit of m?
7
Suppose -5*w + 4*n + 66114 = 0, -3*w + 4*n - 12463 = -52133. What is the units digit of w?
2
Let r be ((-65)/20 + 2)/((-2)/8). Suppose -r*o = -31 + 11. Suppose -o*i + 287 = 51. What is the tens digit of i?
5
Suppose 3*f - 34013 = -f + 8879. What is the thousands digit of f?
0
Let y(w) = 44*w + 1253. What is the thousands digit of y(119)?
6
Let y(c) = -122*c + 717. What is the tens digit of y(-15)?
4
Let a(u) = 3*u**2 - 33*u - 24. Let r be (21 - 19)/(2/19). What is the tens digit of a(r)?
3
Let v(z) = -7*z + 89. Let f be v(12). Suppose 0 = -2*i + f*n + 215, n + 1 = 2. What is the tens digit of i?
1
Suppose -19*v + 22*v + 4*f - 122217 = 0, -163018 = -4*v + 5*f. What is the hundreds digit of v?
7
Let w = 95557 + -32874. What is the thousands digit of w?
2
Let d be 6295/(-9) + 28/63. Let y = d + 950. What is the hundreds digit of y?
2
What is the units digit of (-21714)/(-3) - (2 - 22/(-11))?
4
Suppose g = 3*a + 4149, 14*a - 17*a = 0. What is the thousands digit of g?
4
Let b(i) = -38 + 45*i - 45 - 11*i. What is the tens digit of b(6)?
2
Let f(n) = 22*n - 7. Let r(p) = -p**2 - 22*p - 18. Suppose -3*b - 88 = 5*g, -2*b = 2*b - 4*g + 64. Let u be r(b). What is the units digit of f(u)?
9
Suppose 5*f = -4*m + 31358, -8690 = -f + 4*m - 2428. What is the tens digit of f?
7
Let l(t) = -50*t - 66. Let w = -24 - -26. Suppose 0 = 2*o - 1 - 1, -o - 11 = w*y. What is the hundreds digit of l(y)?
2
Let v = 211 + -121. Suppose 3*d +